t is the remainder when 791755 is divided by 32?
11
What is the remainder when 13933 is divided by 466?
419
What is the remainder when 74006 is divided by 6?
2
Calculate the remainder when 1648 is divided by 259.
94
What is the remainder when 354955 is divided by 45?
40
What is the remainder when 146674 is divided by 649?
0
What is the remainder when 10344 is divided by 860?
24
Calculate the remainder when 90756 is divided by 42.
36
Calculate the remainder when 30372 is divided by 196.
188
Calculate the remainder when 193362 is divided by 33.
15
What is the remainder when 1579 is divided by 33?
28
What is the remainder when 240670 is divided by 141?
124
What is the remainder when 55797 is divided by 31?
28
What is the remainder when 44195 is divided by 82?
79
What is the remainder when 409 is divided by 18?
13
Calculate the remainder when 33525 is divided by 22.
19
Calculate the remainder when 8265 is divided by 1180.
5
Calculate the remainder when 1156776 is divided by 18.
6
Calculate the remainder when 160192 is divided by 45.
37
Calculate the remainder when 1214728 is divided by 270.
268
What is the remainder when 7305 is divided by 7295?
10
What is the remainder when 75820 is divided by 145?
130
Calculate the remainder when 460202 is divided by 2234.
2232
Calculate the remainder when 2201 is divided by 891.
419
Calculate the remainder when 2251 is divided by 72.
19
Calculate the remainder when 13867 is divided by 11.
7
Calculate the remainder when 117473 is divided by 42.
41
What is the remainder when 766440 is divided by 19?
18
What is the remainder when 729 is divided by 202?
123
What is the remainder when 41123 is divided by 13689?
56
What is the remainder when 17536 is divided by 47?
5
Calculate the remainder when 38303 is divided by 608.
607
Calculate the remainder when 1169 is divided by 386.
11
What is the remainder when 9242 is divided by 703?
103
What is the remainder when 623 is divided by 32?
15
What is the remainder when 11188 is divided by 273?
268
Calculate the remainder when 6051 is divided by 89.
88
What is the remainder when 152033 is divided by 25?
8
Calculate the remainder when 23683 is divided by 624.
595
What is the remainder when 6690 is divided by 692?
462
What is the remainder when 284399 is divided by 237?
236
What is the remainder when 979 is divided by 254?
217
Calculate the remainder when 19758 is divided by 9873.
12
Calculate the remainder when 13263 is divided by 480.
303
What is the remainder when 42334 is divided by 13?
6
What is the remainder when 4363 is divided by 606?
121
Calculate the remainder when 55065 is divided by 5504.
25
What is the remainder when 878 is divided by 415?
48
Calculate the remainder when 145405 is divided by 1287.
1261
Calculate the remainder when 1465 is divided by 121.
13
Calculate the remainder when 1908 is divided by 296.
132
Calculate the remainder when 32311 is divided by 3222.
91
Calculate the remainder when 41483 is divided by 6.
5
What is the remainder when 197553 is divided by 163?
160
What is the remainder when 422648 is divided by 26?
18
Calculate the remainder when 3781 is divided by 185.
81
Calculate the remainder when 303 is divided by 257.
46
What is the remainder when 4551 is divided by 146?
25
Calculate the remainder when 779037 is divided by 36.
33
What is the remainder when 986 is divided by 157?
44
What is the remainder when 303952 is divided by 35?
12
Calculate the remainder when 844475 is divided by 12.
11
What is the remainder when 28345 is divided by 42?
37
Calculate the remainder when 70166 is divided by 2263.
13
What is the remainder when 31530 is divided by 10257?
759
Calculate the remainder when 188683 is divided by 5.
3
Calculate the remainder when 9290 is divided by 3072.
74
What is the remainder when 874 is divided by 6?
4
Calculate the remainder when 27407 is divided by 25.
7
Calculate the remainder when 836 is divided by 2.
0
Calculate the remainder when 1098 is divided by 141.
111
What is the remainder when 10586 is divided by 662?
656
What is the remainder when 2266 is divided by 177?
142
What is the remainder when 10000 is divided by 30?
10
Calculate the remainder when 23003 is divided by 366.
311
What is the remainder when 7410 is divided by 831?
762
Calculate the remainder when 2506 is divided by 229.
216
What is the remainder when 9109 is divided by 1697?
624
Calculate the remainder when 492734 is divided by 73.
57
What is the remainder when 10785 is divided by 12?
9
Calculate the remainder when 1172883 is divided by 33.
30
What is the remainder when 253947 is divided by 9?
3
What is the remainder when 6928 is divided by 15?
13
Calculate the remainder when 43117 is divided by 4305.
67
What is the remainder when 881 is divided by 74?
67
What is the remainder when 39762 is divided by 61?
51
What is the remainder when 243846 is divided by 26?
18
What is the remainder when 113930 is divided by 7?
5
What is the remainder when 250791 is divided by 165?
156
Calculate the remainder when 21417 is divided by 5319.
141
What is the remainder when 27665 is divided by 6864?
209
What is the remainder when 1032 is divided by 970?
62
What is the remainder when 8115 is divided by 10?
5
What is the remainder when 22826 is divided by 4543?
111
Calculate the remainder when 60531 is divided by 362.
77
What is the remainder when 1700 is divided by 100?
0
Calculate the remainder when 12593 is divided by 16.
1
What is the remainder when 156109 is divided by 413?
408
What is the remainder when 51627 is divided by 253?
15
Calculate the remainder when 4688 is divided by 98.
82
Calculate the remainder when 3046 is divided by 205.
176
Calculate the remainder when 133999 is divided by 859.
854
Calculate the remainder when 1041074 is divided by 680.
674
Calculate the remainder when 71005 is divided by 11828.
37
What is the remainder when 5165 is divided by 5156?
9
What is the remainder when 190495 is divided by 642?
463
Calculate the remainder when 8797 is divided by 131.
20
Calculate the remainder when 4495 is divided by 193.
56
What is the remainder when 72764 is divided by 241?
223
Calculate the remainder when 3670 is divided by 899.
74
Calculate the remainder when 12786 is divided by 263.
162
Calculate the remainder when 1963 is divided by 60.
43
Calculate the remainder when 89181 is divided by 17834.
11
Calculate the remainder when 455 is divided by 114.
113
Calculate the remainder when 9135 is divided by 328.
279
What is the remainder when 3606 is divided by 524?
462
Calculate the remainder when 16047 is divided by 15528.
519
What is the remainder when 13491 is divided by 26?
23
What is the remainder when 1103 is divided by 371?
361
Calculate the remainder when 2031 is divided by 980.
71
Calculate the remainder when 71520 is divided by 918.
834
Calculate the remainder when 14589 is divided by 7289.
11
Calculate the remainder when 947538 is divided by 473764.
10
Calculate the remainder when 2084 is divided by 119.
61
What is the remainder when 45907 is divided by 10?
7
What is the remainder when 12049 is divided by 11988?
61
What is the remainder when 1570 is divided by 272?
210
Calculate the remainder when 11265 is divided by 1249.
24
What is the remainder when 214672 is divided by 195?
172
Calculate the remainder when 693450 is divided by 2842.
2
What is the remainder when 168307 is divided by 7650?
7
Calculate the remainder when 5524 is divided by 5524.
0
What is the remainder when 13976 is divided by 2791?
21
Calculate the remainder when 8360 is divided by 94.
88
Calculate the remainder when 7715 is divided by 24.
11
Calculate the remainder when 15719 is divided by 7855.
9
Calculate the remainder when 881 is divided by 416.
49
Calculate the remainder when 1332 is divided by 73.
18
Calculate the remainder when 1263 is divided by 1083.
180
What is the remainder when 275839 is divided by 143?
135
Calculate the remainder when 5100 is divided by 304.
236
What is the remainder when 453 is divided by 194?
65
Calculate the remainder when 181393 is divided by 301.
191
Calculate the remainder when 22954 is divided by 77.
8
Calculate the remainder when 6685 is divided by 57.
16
Calculate the remainder when 4425 is divided by 2207.
11
Calculate the remainder when 3693 is d